{"id":735,"date":"2023-06-15T12:01:29","date_gmt":"2023-06-15T12:01:29","guid":{"rendered":"https:\/\/lacortehotel.info\/photogallery\/photogallery\/"},"modified":"2025-04-09T09:55:12","modified_gmt":"2025-04-09T09:55:12","slug":"fotogalerie","status":"publish","type":"photogallery","link":"https:\/\/lacortehotel.info\/cs\/photogallery\/fotogalerie\/","title":{"rendered":"Fotogalerie"},"template":"","class_list":["post-735","photogallery","type-photogallery","status-publish","hentry"],"acf":[],"yoast_head":"<!-- This site is optimized with the Yoast SEO plugin v27.4 - https:\/\/yoast.com\/product\/yoast-seo-wordpress\/ -->\n<title>Fotogalerie - La Corte Hotel<\/title>\n<meta name=\"description\" content=\"Objevte atmosf\u00e9ru Hotelu La Corte v na\u0161\u00ed fotogalerie: pokoje, venkovn\u00ed prostory a detaily, kter\u00e9 dotv\u00e1\u0159ej\u00ed v\u00e1\u0161 z\u00e1\u017eitek.\" \/>\n<meta name=\"robots\" content=\"index, follow, max-snippet:-1, max-image-preview:large, max-video-preview:-1\" \/>\n<link rel=\"canonical\" href=\"https:\/\/lacortehotel.info\/cs\/photogallery\/fotogalerie\/\" \/>\n<meta property=\"og:locale\" content=\"cs_CZ\" \/>\n<meta property=\"og:type\" content=\"article\" \/>\n<meta property=\"og:title\" content=\"Fotogalerie - La Corte Hotel\" \/>\n<meta property=\"og:description\" content=\"Objevte atmosf\u00e9ru Hotelu La Corte v na\u0161\u00ed fotogalerie: pokoje, venkovn\u00ed prostory a detaily, kter\u00e9 dotv\u00e1\u0159ej\u00ed v\u00e1\u0161 z\u00e1\u017eitek.\" \/>\n<meta property=\"og:url\" content=\"https:\/\/lacortehotel.info\/cs\/photogallery\/fotogalerie\/\" \/>\n<meta property=\"og:site_name\" content=\"La Corte Hotel\" \/>\n<meta property=\"article:publisher\" content=\"https:\/\/www.facebook.com\/pages\/Hotel-La-Corte\/120373951334581\" \/>\n<meta property=\"article:modified_time\" content=\"2025-04-09T09:55:12+00:00\" \/>\n<meta property=\"og:image\" content=\"https:\/\/lacortehotel.info\/wp-content\/uploads\/2023\/05\/nuovo-logo-corte.png\" \/>\n\t<meta property=\"og:image:width\" content=\"361\" \/>\n\t<meta property=\"og:image:height\" content=\"371\" \/>\n\t<meta property=\"og:image:type\" content=\"image\/png\" \/>\n<meta name=\"twitter:card\" content=\"summary_large_image\" \/>\n<script type=\"application\/ld+json\" class=\"yoast-schema-graph\">{\"@context\":\"https:\\\/\\\/schema.org\",\"@graph\":[{\"@type\":\"WebPage\",\"@id\":\"https:\\\/\\\/lacortehotel.info\\\/cs\\\/photogallery\\\/fotogalerie\\\/\",\"url\":\"https:\\\/\\\/lacortehotel.info\\\/cs\\\/photogallery\\\/fotogalerie\\\/\",\"name\":\"Fotogalerie - La Corte Hotel\",\"isPartOf\":{\"@id\":\"https:\\\/\\\/lacortehotel.info\\\/cs\\\/#website\"},\"datePublished\":\"2023-06-15T12:01:29+00:00\",\"dateModified\":\"2025-04-09T09:55:12+00:00\",\"description\":\"Objevte atmosf\u00e9ru Hotelu La Corte v na\u0161\u00ed fotogalerie: pokoje, venkovn\u00ed prostory a detaily, kter\u00e9 dotv\u00e1\u0159ej\u00ed v\u00e1\u0161 z\u00e1\u017eitek.\",\"breadcrumb\":{\"@id\":\"https:\\\/\\\/lacortehotel.info\\\/cs\\\/photogallery\\\/fotogalerie\\\/#breadcrumb\"},\"inLanguage\":\"cs\",\"potentialAction\":[{\"@type\":\"ReadAction\",\"target\":[\"https:\\\/\\\/lacortehotel.info\\\/cs\\\/photogallery\\\/fotogalerie\\\/\"]}]},{\"@type\":\"BreadcrumbList\",\"@id\":\"https:\\\/\\\/lacortehotel.info\\\/cs\\\/photogallery\\\/fotogalerie\\\/#breadcrumb\",\"itemListElement\":[{\"@type\":\"ListItem\",\"position\":1,\"name\":\"Home\",\"item\":\"https:\\\/\\\/lacortehotel.info\\\/cs\\\/\"},{\"@type\":\"ListItem\",\"position\":2,\"name\":\"FOTOGALERIE\",\"item\":\"https:\\\/\\\/lacortehotel.info\\\/cs\\\/photogallery\\\/\"},{\"@type\":\"ListItem\",\"position\":3,\"name\":\"Fotogalerie\"}]},{\"@type\":\"WebSite\",\"@id\":\"https:\\\/\\\/lacortehotel.info\\\/cs\\\/#website\",\"url\":\"https:\\\/\\\/lacortehotel.info\\\/cs\\\/\",\"name\":\"Hotel La Corte\",\"description\":\"V srdci P\u00e1dsk\u00e9 n\u00ed\u017einy... v\u00e1\u0161 druh\u00fd domov!\",\"publisher\":{\"@id\":\"https:\\\/\\\/lacortehotel.info\\\/cs\\\/#organization\"},\"alternateName\":\"La Corte di Correzzola\",\"potentialAction\":[{\"@type\":\"SearchAction\",\"target\":{\"@type\":\"EntryPoint\",\"urlTemplate\":\"https:\\\/\\\/lacortehotel.info\\\/cs\\\/?s={search_term_string}\"},\"query-input\":{\"@type\":\"PropertyValueSpecification\",\"valueRequired\":true,\"valueName\":\"search_term_string\"}}],\"inLanguage\":\"cs\"},{\"@type\":\"Organization\",\"@id\":\"https:\\\/\\\/lacortehotel.info\\\/cs\\\/#organization\",\"name\":\"Hotel la Corte\",\"url\":\"https:\\\/\\\/lacortehotel.info\\\/cs\\\/\",\"logo\":{\"@type\":\"ImageObject\",\"inLanguage\":\"cs\",\"@id\":\"https:\\\/\\\/lacortehotel.info\\\/cs\\\/#\\\/schema\\\/logo\\\/image\\\/\",\"url\":\"https:\\\/\\\/lacortehotel.info\\\/wp-content\\\/uploads\\\/2023\\\/05\\\/logo-sito-p-e1683800838815.png\",\"contentUrl\":\"https:\\\/\\\/lacortehotel.info\\\/wp-content\\\/uploads\\\/2023\\\/05\\\/logo-sito-p-e1683800838815.png\",\"width\":100,\"height\":94,\"caption\":\"Hotel la Corte\"},\"image\":{\"@id\":\"https:\\\/\\\/lacortehotel.info\\\/cs\\\/#\\\/schema\\\/logo\\\/image\\\/\"},\"sameAs\":[\"https:\\\/\\\/www.facebook.com\\\/pages\\\/Hotel-La-Corte\\\/120373951334581\",\"https:\\\/\\\/www.instagram.com\\\/lacortecorrezzola\\\/\"]}]}<\/script>\n<!-- \/ Yoast SEO plugin. -->","yoast_head_json":{"title":"Fotogalerie - La Corte Hotel","description":"Objevte atmosf\u00e9ru Hotelu La Corte v na\u0161\u00ed fotogalerie: pokoje, venkovn\u00ed prostory a detaily, kter\u00e9 dotv\u00e1\u0159ej\u00ed v\u00e1\u0161 z\u00e1\u017eitek.","robots":{"index":"index","follow":"follow","max-snippet":"max-snippet:-1","max-image-preview":"max-image-preview:large","max-video-preview":"max-video-preview:-1"},"canonical":"https:\/\/lacortehotel.info\/cs\/photogallery\/fotogalerie\/","og_locale":"cs_CZ","og_type":"article","og_title":"Fotogalerie - La Corte Hotel","og_description":"Objevte atmosf\u00e9ru Hotelu La Corte v na\u0161\u00ed fotogalerie: pokoje, venkovn\u00ed prostory a detaily, kter\u00e9 dotv\u00e1\u0159ej\u00ed v\u00e1\u0161 z\u00e1\u017eitek.","og_url":"https:\/\/lacortehotel.info\/cs\/photogallery\/fotogalerie\/","og_site_name":"La Corte Hotel","article_publisher":"https:\/\/www.facebook.com\/pages\/Hotel-La-Corte\/120373951334581","article_modified_time":"2025-04-09T09:55:12+00:00","og_image":[{"width":361,"height":371,"url":"https:\/\/lacortehotel.info\/wp-content\/uploads\/2023\/05\/nuovo-logo-corte.png","type":"image\/png"}],"twitter_card":"summary_large_image","schema":{"@context":"https:\/\/schema.org","@graph":[{"@type":"WebPage","@id":"https:\/\/lacortehotel.info\/cs\/photogallery\/fotogalerie\/","url":"https:\/\/lacortehotel.info\/cs\/photogallery\/fotogalerie\/","name":"Fotogalerie - La Corte Hotel","isPartOf":{"@id":"https:\/\/lacortehotel.info\/cs\/#website"},"datePublished":"2023-06-15T12:01:29+00:00","dateModified":"2025-04-09T09:55:12+00:00","description":"Objevte atmosf\u00e9ru Hotelu La Corte v na\u0161\u00ed fotogalerie: pokoje, venkovn\u00ed prostory a detaily, kter\u00e9 dotv\u00e1\u0159ej\u00ed v\u00e1\u0161 z\u00e1\u017eitek.","breadcrumb":{"@id":"https:\/\/lacortehotel.info\/cs\/photogallery\/fotogalerie\/#breadcrumb"},"inLanguage":"cs","potentialAction":[{"@type":"ReadAction","target":["https:\/\/lacortehotel.info\/cs\/photogallery\/fotogalerie\/"]}]},{"@type":"BreadcrumbList","@id":"https:\/\/lacortehotel.info\/cs\/photogallery\/fotogalerie\/#breadcrumb","itemListElement":[{"@type":"ListItem","position":1,"name":"Home","item":"https:\/\/lacortehotel.info\/cs\/"},{"@type":"ListItem","position":2,"name":"FOTOGALERIE","item":"https:\/\/lacortehotel.info\/cs\/photogallery\/"},{"@type":"ListItem","position":3,"name":"Fotogalerie"}]},{"@type":"WebSite","@id":"https:\/\/lacortehotel.info\/cs\/#website","url":"https:\/\/lacortehotel.info\/cs\/","name":"Hotel La Corte","description":"V srdci P\u00e1dsk\u00e9 n\u00ed\u017einy... v\u00e1\u0161 druh\u00fd domov!","publisher":{"@id":"https:\/\/lacortehotel.info\/cs\/#organization"},"alternateName":"La Corte di Correzzola","potentialAction":[{"@type":"SearchAction","target":{"@type":"EntryPoint","urlTemplate":"https:\/\/lacortehotel.info\/cs\/?s={search_term_string}"},"query-input":{"@type":"PropertyValueSpecification","valueRequired":true,"valueName":"search_term_string"}}],"inLanguage":"cs"},{"@type":"Organization","@id":"https:\/\/lacortehotel.info\/cs\/#organization","name":"Hotel la Corte","url":"https:\/\/lacortehotel.info\/cs\/","logo":{"@type":"ImageObject","inLanguage":"cs","@id":"https:\/\/lacortehotel.info\/cs\/#\/schema\/logo\/image\/","url":"https:\/\/lacortehotel.info\/wp-content\/uploads\/2023\/05\/logo-sito-p-e1683800838815.png","contentUrl":"https:\/\/lacortehotel.info\/wp-content\/uploads\/2023\/05\/logo-sito-p-e1683800838815.png","width":100,"height":94,"caption":"Hotel la Corte"},"image":{"@id":"https:\/\/lacortehotel.info\/cs\/#\/schema\/logo\/image\/"},"sameAs":["https:\/\/www.facebook.com\/pages\/Hotel-La-Corte\/120373951334581","https:\/\/www.instagram.com\/lacortecorrezzola\/"]}]}},"_links":{"self":[{"href":"https:\/\/lacortehotel.info\/cs\/wp-json\/wp\/v2\/photogallery\/735","targetHints":{"allow":["GET"]}}],"collection":[{"href":"https:\/\/lacortehotel.info\/cs\/wp-json\/wp\/v2\/photogallery"}],"about":[{"href":"https:\/\/lacortehotel.info\/cs\/wp-json\/wp\/v2\/types\/photogallery"}],"wp:attachment":[{"href":"https:\/\/lacortehotel.info\/cs\/wp-json\/wp\/v2\/media?parent=735"}],"curies":[{"name":"wp","href":"https:\/\/api.w.org\/{rel}","templated":true}]}}

<!-- This site is optimized with the Yoast SEO plugin v27.4 - https://yoast.com/product/yoast-seo-wordpress/ -->
<title>Fotogalerie - La Corte Hotel</title>
<meta name="description" content="Objevte atmosféru Hotelu La Corte v naší fotogalerie: pokoje, venkovní prostory a detaily, které dotvářejí váš zážitek." />
<meta name="robots" content="index, follow, max-snippet:-1, max-image-preview:large, max-video-preview:-1" />
<link rel="canonical" href="https://lacortehotel.info/cs/photogallery/fotogalerie/" />
<meta property="og:locale" content="cs_CZ" />
<meta property="og:type" content="article" />
<meta property="og:title" content="Fotogalerie - La Corte Hotel" />
<meta property="og:description" content="Objevte atmosféru Hotelu La Corte v naší fotogalerie: pokoje, venkovní prostory a detaily, které dotvářejí váš zážitek." />
<meta property="og:url" content="https://lacortehotel.info/cs/photogallery/fotogalerie/" />
<meta property="og:site_name" content="La Corte Hotel" />
<meta property="article:publisher" content="https://www.facebook.com/pages/Hotel-La-Corte/120373951334581" />
<meta property="article:modified_time" content="2025-04-09T09:55:12+00:00" />
<meta property="og:image" content="https://lacortehotel.info/wp-content/uploads/2023/05/nuovo-logo-corte.png" />
	<meta property="og:image:width" content="361" />
	<meta property="og:image:height" content="371" />
	<meta property="og:image:type" content="image/png" />
<meta name="twitter:card" content="summary_large_image" />
<script type="application/ld+json" class="yoast-schema-graph">{"@context":"https:\/\/schema.org","@graph":[{"@type":"WebPage","@id":"https:\/\/lacortehotel.info\/cs\/photogallery\/fotogalerie\/","url":"https:\/\/lacortehotel.info\/cs\/photogallery\/fotogalerie\/","name":"Fotogalerie - La Corte Hotel","isPartOf":{"@id":"https:\/\/lacortehotel.info\/cs\/#website"},"datePublished":"2023-06-15T12:01:29+00:00","dateModified":"2025-04-09T09:55:12+00:00","description":"Objevte atmosféru Hotelu La Corte v naší fotogalerie: pokoje, venkovní prostory a detaily, které dotvářejí váš zážitek.","breadcrumb":{"@id":"https:\/\/lacortehotel.info\/cs\/photogallery\/fotogalerie\/#breadcrumb"},"inLanguage":"cs","potentialAction":[{"@type":"ReadAction","target":["https:\/\/lacortehotel.info\/cs\/photogallery\/fotogalerie\/"]}]},{"@type":"BreadcrumbList","@id":"https:\/\/lacortehotel.info\/cs\/photogallery\/fotogalerie\/#breadcrumb","itemListElement":[{"@type":"ListItem","position":1,"name":"Home","item":"https:\/\/lacortehotel.info\/cs\/"},{"@type":"ListItem","position":2,"name":"FOTOGALERIE","item":"https:\/\/lacortehotel.info\/cs\/photogallery\/"},{"@type":"ListItem","position":3,"name":"Fotogalerie"}]},{"@type":"WebSite","@id":"https:\/\/lacortehotel.info\/cs\/#website","url":"https:\/\/lacortehotel.info\/cs\/","name":"Hotel La Corte","description":"V srdci Pádské nížiny... váš druhý domov!","publisher":{"@id":"https:\/\/lacortehotel.info\/cs\/#organization"},"alternateName":"La Corte di Correzzola","potentialAction":[{"@type":"SearchAction","target":{"@type":"EntryPoint","urlTemplate":"https:\/\/lacortehotel.info\/cs\/?s={search_term_string}"},"query-input":{"@type":"PropertyValueSpecification","valueRequired":true,"valueName":"search_term_string"}}],"inLanguage":"cs"},{"@type":"Organization","@id":"https:\/\/lacortehotel.info\/cs\/#organization","name":"Hotel la Corte","url":"https:\/\/lacortehotel.info\/cs\/","logo":{"@type":"ImageObject","inLanguage":"cs","@id":"https:\/\/lacortehotel.info\/cs\/#\/schema\/logo\/image\/","url":"https:\/\/lacortehotel.info\/wp-content\/uploads\/2023\/05\/logo-sito-p-e1683800838815.png","contentUrl":"https:\/\/lacortehotel.info\/wp-content\/uploads\/2023\/05\/logo-sito-p-e1683800838815.png","width":100,"height":94,"caption":"Hotel la Corte"},"image":{"@id":"https:\/\/lacortehotel.info\/cs\/#\/schema\/logo\/image\/"},"sameAs":["https:\/\/www.facebook.com\/pages\/Hotel-La-Corte\/120373951334581","https:\/\/www.instagram.com\/lacortecorrezzola\/"]}]}</script>
<!-- / Yoast SEO plugin. -->

Objevte atmosféru Hotelu La Corte v naší fotogalerie: pokoje, venkovní prostory a detaily, které dotvářejí váš zážitek.

V srdci Pádské nížiny... váš druhý domov!
